)?
6
Let b(n) = 25*n**3 + 27*n**2 - 77*n - 61. What is the thousands digit of b(7)?
9
Let s = -290 + 289. Let f(b) be the third derivative of -71*b**4/24 + 2*b**3/3 + 2*b**2. What is the tens digit of f(s)?
7
Suppose 105*w = 4107160 - 1496965. What is the units digit of w?
9
Let l(j) = 231*j - 1474. What is the tens digit of l(27)?
6
Let u = -46 - -46. Suppose u = -3*p + 8 - 20. What is the tens digit of 77/(-4)*(0 + p)?
7
Let p(s) = 350 - 4*s + 220*s**2 - 349 + 2*s. Let v be p(1). Let w = v - 124. What is the units digit of w?
5
Let v(u) = -2*u**3 - u**2 + 2*u - 89. What is the units digit of v(-20)?
1
What is the thousands digit of (-171717)/74*(-88)/3?
8
Suppose -84*t - 33*t + 3007719 = 0. What is the units digit of t?
7
Let j be (-2)/(((-16)/2544)/(1/(-6))). Let z = j + 188. What is the tens digit of z?
3
Suppose 3*l + 4 = 1. Let t be ((-45)/(-10))/(3/54*l). What is the units digit of (-18)/(-5)*9/(t/(-150))?
0
What is the units digit of (-8979)/(-6) + 4/8*1?
7
What is the hundreds digit of ((-1980048)/(-102))/2 + (0 - 2/17)?
7
Suppose -4*i + 8 = 2*r, -2*i + 4*r = 3*i - 36. Let y(g) = 1 + 2 - 5 + i*g**2 + 2*g - 6*g**3. What is the units digit of y(-2)?
8
Let t(m) = -743*m + 22. Let o be t(-4). Suppose -13 + 601 = i + 5*y, -5*i + 2*y = -o. What is the units digit of i?
8
Let m(o) = 2*o + 4*o + 22 + 4. Let f be 30*4/(-12) + 21. What is the units digit of m(f)?
2
Let x = -422 - -473. Suppose 13837 + 10184 = x*c. What is the tens digit of c?
7
Suppose 0 = -22*b - 9011 + 183647. What is the tens digit of b?
3
Suppose 4*c - 2112 = 4*f, 0*c + 3*c + 3*f = 1578. Let x = 1352 - c. Suppose -5*k = -x - 260. What is the units digit of k?
7
Let h = -11 + 21. Suppose -h = 26*x - 31*x. What is the units digit of 60/8*x/5?
3
Suppose 4*j + 89*c - 92*c - 18519 = 0, c = -2*j + 9267. What is the tens digit of j?
3
Let w(b) be the second derivative of -b**5/4 + b**4/12 + b**3/6 + b**2 + 30*b. Let z be (16/20)/(6/(-15)). What is the tens digit of w(z)?
4
Let x = -6072 + 9248. Suppose 0 = -12*c - 716 + x. Suppose c = -5*k + 1530. What is the units digit of k?
5
Suppose z = -3*z + 4*i - 724, -4*z - 4*i = 684. Let a = z + 637. What is the tens digit of (a/(-14) + (-24)/(-56))*-2?
6
Let n = 555 - -489. Suppose -f + n - 224 = 0. What is the hundreds digit of f?
8
Let w(j) = 213*j - 235*j - 21 + 0. Let i be w(-12). Let h = i + -145. What is the units digit of h?
8
What is the units digit of ((-139)/3*1)/((-28)/4200)?
0
Let j(l) = -5*l - 37. Let x be j(-6). What is the hundreds digit of (33/2)/(x*4/(-728))?
4
Suppose -13*o + 11*o = -36. Let j be 15/o*(1 + 1 + 4). Suppose -440 = j*a - 10*a. What is the units digit of a?
8
Let v = -58 - -63. Suppose -4*q = -v*k + 438, 87 = k - 2*q + q. Let z = 161 - k. What is the tens digit of z?
7
Let f(a) be the third derivative of -a**6/15 + a**5/15 + a**4/8 - a**3/2 - 2*a**2. Let b be ((-4)/6)/((-71)/(-213)). What is the tens digit of f(b)?
7
Let q(h) = h**3 + 44*h**2 + 68*h + 149. What is the units digit of q(27)?
4
Let i(w) = w**3 + 10*w**2 + 9*w. Let t be i(-9). Suppose 140*f - 142*f = 4. What is the tens digit of 0 - (t - f)*-42?
8
Let g = 83034 + -42797. What is the ten thousands digit of g?
4
Let k(x) = -x**3 - 9*x**2 - 13*x - 36. Let y be k(-8). Suppose -1497 = -4*l + 3*j - 496, -y*l + 1005 = j. What is the hundreds digit of l?
2
Let h = 503 + -499. Suppose 2*s = -5*u + 1086, 2*u - 5*u = h*s - 2158. What is the tens digit of s?
3
Let j(v) = v**3 - 4*v**2 + 2*v + 15. Let h be j(5). Let q = 50 - h. Suppose -2*i - l + q + 192 = 0, -4*i = -2*l - 400. What is the tens digit of i?
9
Let g = -23 - -84. Let b = g - 48. Suppose -12*x - 81 = -b*x. What is the units digit of x?
1
Let a(v) = -v**3 - 16*v**2 - 2*v - 30. Let c be a(-16). What is the hundreds digit of (c + -3)/(20/(-4820))?
2
What is the hundreds digit of (-609)/(-3)*((-2240)/(-6) - 49/147)?
7
Let t be ((-17)/((-340)/15))/((-3)/(-16)). Suppose 3*x = -i + 909, 4*x + 3556 = -t*i + 8*i. What is the hundreds digit of i?
8
Suppose f - 2*n - 16 = 0, -n - 41 = -2*f - 18. Let o(t) = t**3 - 9*t**2 - 8*t - 23. Let m be o(f). What is the hundreds digit of (17/m)/((4/(-96))/1)?
1
Let f = 52 - 34. Let a(j) = 34*j**2 - 20 - f - 2*j + 39. What is the tens digit of a(2)?
3
Let v be 1/4 + 315/20. Let t = v + 28. Suppose 5*j - t = -4*u, 3*u - 2*j = 7 + 26. What is the tens digit of u?
1
Let q(k) = 4006*k - 77. Let a be q(11). What is the units digit of 6/2 + a/43?
6
Suppose 40*x - 1895524 = -475180 + 580176. What is the units digit of x?
3
Let n(a) = 67*a**3 + a**2 - 2*a + 6. What is the units digit of n(5)?
6
Let x be 8 - (4/7)/(4/14). Suppose -l = -2*c - 10 - x, 3*l = 3*c + 51. What is the units digit of (-6)/l + (86/6 - 0)?
4
Let t(z) = 2*z**3 + 14*z**2 + 4. Let j be t(-7). Suppose -4*w + 5*w + 1930 = j*n, -n - w + 485 = 0. What is the tens digit of n?
8
Suppose 11*s - 16*s - 17238 = -3*k, 2*k - 5*s - 11497 = 0. What is the hundreds digit of k?
7
Let p be 3/9*(-8 + 17). What is the tens digit of (116/(-6))/((-2)/p)?
2
Let v(j) = -j**3 - 21*j**2 + 36*j + 72. Let m(z) = -3*z**3 - 42*z**2 + 75*z + 143. Let i(o) = 2*m(o) - 5*v(o). What is the units digit of i(15)?
6
Let o(q) = 91*q**2 + 1337*q - 3. What is the hundreds digit of o(8)?
5
Let p(z) = z**2 - 23*z + 111. Let r be p(15). Let w(j) = 14*j**2 - 14*j - 12. What is the thousands digit of w(r)?
1
Let q be -5 + (9 + 1 - 8). What is the hundreds digit of 207/63 + q - (-6942)/7?
9
Let v(u) = -u**2 - 10*u + 3. Let f be v(-5). Suppose 6*w - 1665 = 195. Suppose -f*z + w = -26*z. What is the hundreds digit of z?
1
Suppose -107392 = -3*n - 4*w, -399*n + 3*w + 178919 = -394*n. What is the thousands digit of n?
5
Let j(b) = -141*b + 17363. What is the ten thousands digit of j(18)?
1
Let y(k) = 5622*k**2 + 43*k + 74. What is the thousands digit of y(-2)?
2
Let a(v) = v**3 - 13*v**2 - v + 12. Let o be a(13). What is the tens digit of 8*3/24 - 68*o?
6
Suppose 4*o + 3 + 21 = 0. Let f(q) = -73*q + 9 - 89*q - 72*q - 67*q + 279*q. What is the units digit of f(o)?
1
Suppose -24*m - 1752 = -32*m. Let j = 282 - m. What is the tens digit of j?
6
Let o = 72 + -33. Let u = o - 42. What is the units digit of (u/(-2))/(((-12)/(-784))/1)?
8
Suppose 5*z = -20, 5*z = -2*k + 263 + 825. What is the units digit of k + -27 - (1 - 3)?
9
Suppose 3*u + 147 = -4*c, 5*c + u = 6*u - 210. Let n(g) = 11*g + 394. Let v be n(-37). What is the tens digit of 3 - v/(c/(-198))?
6
Let q(v) = -5*v**3 - 15*v**2 - 16*v - 18. Let t(r) = -9*r**3 - 29*r**2 - 32*r - 37. Let g(i) = -7*q(i) + 4*t(i). What is the tens digit of g(-12)?
1
Let y(j) = -3*j**3 - 318*j**2 + 68*j - 179. What is the hundreds digit of y(-107)?
8
Let v be (0 + -2)/(16 + 322740/(-20170)). Let a = -1342 + v. What is the units digit of a?
5
Let l(s) = 11*s**2 - 12*s - 30. Let x be l(12). Suppose -t + 3*b - x = -5*t, -4*t + 2*b = -1420. What is the hundreds digit of t?
3
Let s(g) = g**2 + 9*g - 1292. What is the hundreds digit of s(-50)?
7
Let g = -21636 - -34709. What is the tens digit of g?
7
Let m(v) = 9*v - 77. Let p(q) = -3*q + 26. Let f(z) = 6*m(z) + 17*p(z). Let u be f(8). Suppose -u*r - 336 = -3*n, 7 = 3*r - 2. What is the hundreds digit of n?
1
Suppose 5*x = c + 13, -4*x = -8*x + 3*c + 17. Suppose -3*o - x*i - 187 = -6*i, 2*o + 120 = 5*i. What is the units digit of 1/(-4) - o/4?
6
Suppose -5*w + 9689 = z - 9*w, -2*z - 5*w = -19456. What is the units digit of z?
3
Suppose -3*p = -3*y + 2*p + 102832, 8*y - 274196 = 2*p. What is the hundreds digit of y?
2
Let z(a) = 5*a + 38. Let s be z(-7). Suppose 0 = -5*k - 15, 8*r - k = s*r + 1583. What is the units digit of r?
6
Suppose 4*f = 3*k + 34171, 2*f - 3*k = -8*k + 17053. What is the hundreds digit of f?
5
What is the hundreds digit of ((-244)/6)/((-226)/43731)?
8
Let f be ((-1)/(-3))/(5/(-255))*-13. Let h = f + -26. What is the units digit of h?
5
Let y(s) = s**2 - 7*s - 76. Suppose 21*l - 537 + 138 = 0. What is the hundreds digit of y(l)?
1
Suppose -4*w - 2*r = -2160, -4*w - 5*r + 525 = -1641. What is the tens digit of w - (7 - 4 - 3)?
3
Suppose -358*o = -19*o + 197*o - 12337648. What is the units digit of o?
8
Suppose -15*o + 93*o = -183391 + 1725529. What is the hundreds digit of o?
7
Let j(u) = 304*u**2 + 69*u - 883. What is the ten thousands digit of j(9)?
2
Su